ase 10, what is -18 + -1111?
-1129
In base 11, what is -1 - 63?
-64
In base 12, what is 7 - -49?
54
In base 2, what is -10 + 1111010110?
1111010100
In base 7, what is 1 - 26?
-25
In base 5, what is 21 + -12?
4
In base 15, what is -2c - 293?
-2c0
In base 7, what is -2 - -1343?
1341
In base 10, what is -233 - 0?
-233
In base 4, what is 221 + 1?
222
In base 9, what is 2 + 7084?
7086
In base 4, what is 1 - 201?
-200
In base 4, what is 2132200 + -11?
2132123
In base 15, what is 4 - 42c?
-428
In base 12, what is 3 - 2328?
-2325
In base 9, what is 6 + -5?
1
In base 14, what is -1 + 13b?
13a
In base 15, what is 95 - 3c?
58
In base 14, what is 107 - 1?
106
In base 8, what is -25 - -7?
-16
In base 2, what is 10011 + 1000110011?
1001000110
In base 12, what is -1260 - -2?
-125a
In base 2, what is 1110 + -101111?
-100001
In base 14, what is -79bd - -3?
-79ba
In base 9, what is 30 + 143?
173
In base 12, what is -5 + 27?
22
In base 13, what is -5 - -67?
62
In base 16, what is 23 + 1?
24
In base 16, what is -1 - -18?
17
In base 12, what is -54 - 3?
-57
In base 16, what is c5 - -2?
c7
In base 2, what is 11111 - 1011011?
-111100
In base 11, what is 40 - -5?
45
In base 9, what is 7 + 13?
21
In base 6, what is -3 - 1320?
-1323
In base 10, what is -2 + -12?
-14
In base 10, what is -18280 - 2?
-18282
In base 2, what is -100 + 101001100111?
101001100011
In base 5, what is -132 + 3?
-124
In base 12, what is -4 - 4?
-8
In base 14, what is 56a - 5?
565
In base 6, what is -2 - 1012?
-1014
In base 6, what is -24 + -12?
-40
In base 5, what is 1 - -243?
244
In base 10, what is -12537 + 5?
-12532
In base 5, what is -33 + 41?
3
In base 11, what is -1 + 63?
62
In base 12, what is -1 + -1711?
-1712
In base 5, what is -1144 - -24?
-1120
In base 5, what is 4344 + 4?
4403
In base 7, what is 10 - -30?
40
In base 13, what is -4 - -124?
120
In base 3, what is -2 + -1110212?
-1110221
In base 16, what is -28 - 15?
-3d
In base 4, what is 3032 + -23?
3003
In base 3, what is -10120 - 10112?
-21002
In base 7, what is -33 + 0?
-33
In base 3, what is -20 + -21?
-111
In base 4, what is -211 - 103?
-320
In base 12, what is -1b1 + -3?
-1b4
In base 16, what is 3ea + -7?
3e3
In base 12, what is -27 + -1?
-28
In base 6, what is -2 - -255?
253
In base 3, what is -2 - 2121?
-2200
In base 16, what is -6 + 0?
-6
In base 7, what is -3666 + -5?
-4004
In base 10, what is -339 + 56?
-283
In base 9, what is -5 - 231?
-236
In base 5, what is -4 - 0?
-4
In base 5, what is 1010 + 0?
1010
In base 6, what is 13 + 24?
41
In base 15, what is -1c + 3?
-19
In base 7, what is -1 + 1206?
1205
In base 8, what is 4 - 7325?
-7321
In base 15, what is 2 + -207?
-205
In base 4, what is -11 - -12323?
12312
In base 12, what is -582 + 3?
-57b
In base 3, what is -1111011 + -11?
-1111022
In base 3, what is 20 - -12?
102
In base 10, what is 123 + 6?
129
In base 16, what is e0 - 1b?
c5
In base 7, what is -103 + 3?
-100
In base 8, what is 0 - -12?
12
In base 13, what is 56 + 0?
56
In base 14, what is -6 + -6b?
-73
In base 11, what is -37 + 4?
-33
In base 11, what is -878 + 5?
-873
In base 2, what is 10110001 + -1?
10110000
In base 12, what is -35 - 5?
-3a
In base 13, what is 2 + 15b?
160
In base 9, what is -4 - -2?
-2
In base 8, what is -3 + -5173?
-5176
In base 6, what is -504 + -5?
-513
In base 6, what is 2 + 14021?
14023
In base 3, what is 0 - -110001?
110001
In base 12, what is -4 + -1b?
-23
In base 14, what is a19 + -1?
a18
In base 8, what is -2 - 40?
-42
In base 5, what is -2 - 3232?
-3234
In base 8, what is 3 + 2073?
2076
In base 11, what is 2 + 11a?
121
In base 2, what is 11 - 1011001?
-1010110
In base 14, what is 542 + -6?
53a
In base 14, what is 544 - -2?
546
In base 8, what is -321 - 2?
-323
In base 13, what is 1 + -32?
-31
In base 8, what is -3 - 1075?
-1100
In base 13, what is 7 - 1176?
-116c
In base 3, what is 2 - -10222?
11001
In base 10, what is -75 + -28?
-103
In base 11, what is -3 + 557?
554
In base 2, what is 1 - 1001000?
-1000111
In base 12, what is 30 - -6?
36
In base 13, what is 280 + 18?
298
In base 7, what is -4 - 1414?
-1421
In base 14, what is -9 + -3?
-c
In base 13, what is 10 + -94?
-84
In base 15, what is 7 + -37?
-30
In base 12, what is 7 - -24?
2b
In base 8, what is 76 - 5?
71
In base 3, what is -10120201 - 2?
-10120210
In base 9, what is -248 + -1?
-250
In base 16, what is 2f - -9?
38
In base 10, what is 15 - 354?
-339
In base 13, what is -b - -120?
112
In base 10, what is -2 + 1053?
1051
In base 7, what is -604 + 6?
-565
In base 3, what is -2022 + 1010?
-1012
In base 2, what is -1100011000011 - 100?
-1100011000111
In base 16, what is -5 - 5dc?
-5e1
In base 15, what is 3 + 6c1?
6c4
In base 8, what is -571 + -3?
-574
In base 2, what is -10000000000 + 0?
-10000000000
In base 9, what is 48847 - -4?
48852
In base 12, what is 0 + -4b0?
-4b0
In base 12, what is -4 - 1296?
-129a
In base 10, what is 19999 - 4?
19995
In base 13, what is -2 + -1bc?
-1c1
In base 12, what is -13 + -4?
-17
In base 15, what is -b - 29b?
-2a7
In base 11, what is -491 - -1?
-490
In base 6, what is 14531 + 4?
14535
In base 10, what is 4 - -60?
64
In base 11, what is -5 + 28?
23
In base 16, what is a - -6b?
75
In base 16, what is 57 + -1c?
3b
In base 2, what is -1 + -110110?
-110111
In base 7, what is -4 - -13402?
13365
In base 2, what is -111010001010 + 100?
-111010000110
In base 15, what is -1c + 1?
-1b
In base 11, what is -4 + 46a?
466
In base 13, what is 4a - -28?
75
In base 14, what is 11 - 7b?
-6a
In base 12, what is 2a1 - 0?
2a1
In base 15, what is 4 + d1?
d5
In base 8, what is 30 - 7?
21
In base 2, what is -1000 - 11110111100?
-11111000100
In base 7, what is -12050 - 3?
-12053
In base 11, what is 155 - 4?
151
In base 5, what is -11004 - 1?
-11010
In base 2, what is 11 - -100001110101?
100001111000
In base 2, what is -11001001 - -111?
-11000010
In base 12, what is 36a8 + -5?
36a3
In base 5, what is 3 - 41?
-33
In base 10, what is -20 + 25?
5
In base 4, what is 231 + -2?
223
In base 14, what is -5 - -93?
8c
In base 7, what is -31 - -22?
-6
In base 10, what is 188 + -1?
187
In base 4, what is 2 - -30202?
30210
In base 3, what is -2 - 1102121?
-1102200
In base 3, what is -1001 - 10?
-1011
In base 8, what is 770 - 0?
770
In base 9, what is 102 - 4?
87
In base 4, what is -123110 - 23?
-123133
In base 5, what is 1102 + -30?
1022
In base 9, what is 2 + 171?
173
In base 3, what is -11111001 + 11?
-11110220
In base 6, what is 213 + -35?
134
In base 16, what is -8 + -89?
-91
In base 5, what is -113 - 2322?
-2440
In base 10, what is -144 - 2?
-146
In base 6, what is 11042 - -4?
11050
In base 14, what is -7 - -1d4?
1cb
In base 8, what is -4 + -5254?
-5260
In base 2, what is 1000011 + 0?
1000011
In base 13, what is -11b + -2?
-120
In base 7, what is -4 - 52?
-56
In base 3, what is 2010 - -10?
2020
In base 4, what is 10 - 100?
-30
In base 11, what is 1 - 3a34?
-3a33
In base 3, what is -12020 + -1?
-12021
In base 2, what is 101 - -101010100100?
101010101001
In base 3, what is -1 - 10102?
-10110
In base 14, what is 4 + -465?
-461
In base 13, what is 0 - -16?
16
In base 4, what is -203 + 3231?
3022
In base 6, what is -43 - 123?
-210
In base 5, what is 0 + -43431?
-43431
In base 12, what is b0 - 6?
a6
In base 13, what is 5 - -615?
61a
In base 16, what is -4 + 35?
31
In base 6, what is -10 + 1450?
1440
In base 13, what is -2 + -6?
-8
In base 8, what is 1 + 6300?
6301
In base 7, what is 2443 + -5?
2435
In base 14, what is -5 - 21bd?
-21c4
In base 10, what is 90 + 7?
97
In base 11, what is 207 - 1?
206
In base 2, what is -1110010011 + -10?
-1110010101
In base 13, what is -13b - 4?
-142
In base 11, what is -42 - 2a2?
-334
In base 5, what is 11 - -2010?
2021
In base 8, what is 2 - -57?
61
In base 4, what is -11 - 132110?
-132121
In base 7, what is 0 + 3501?
3501
In base 14, what is 5 - 44?
-3d
In base 16, what is 44b + 3?
44e
In base 8, what is -5 + -107?
-114
In base 13, what is 1 - 64?
-63
In base 14, what is -3 + 50c?
509
In base 12, what is -18a3 + 4?
-189b
In base 15, what is 3 + 127?
12a
In base 11, what is -5 - -1668?
1663
In base 10, what is -293 - -4?
-289
In base 5, what is -220 + 11?
-204
In base 6, what is 2 + 251?
253
In base 12, what is -46b0 + 4?
-46a8
In base 12, what is -31 + -35?
-66
In base 14, what is 3 - 1c?
-19
In base 1